prime factors of m.
7
Let b(m) = m**2 - 2. Let u be b(2). Suppose 5*t = u*t. List the prime factors of 12/6 + t/(-1).
2
Suppose -6*b = -178 - 422. List the prime factors of b.
2, 5
Let z(o) = o - 1. Let i be z(5). Suppose 5*r - 4*r + i*g - 15 = 0, 3*r - 2*g - 17 = 0. Let c = 19 - r. What are the prime factors of c?
2, 3
Suppose 1 = -g, -4*o + 31 = 5*g - 28. List the prime factors of o/(-72) - (-200)/9.
2, 11
Let s(n) = -7*n**2 - 1. Let y(f) = 8*f**2 + f. Let u(z) = -6*s(z) - 5*y(z). What are the prime factors of u(6)?
2, 3
What are the prime factors of (-44)/6*12/(-8)?
11
Let u(k) be the third derivative of k**4/6 - 2*k**3/3 + 6*k**2. Let v be 2/6 + 42/9. List the prime factors of u(v).
2
Suppose 0 = -3*j + 349 - 67. List the prime factors of j.
2, 47
Let k(q) = -3*q**2 + 4*q - 4. Let d(v) = 10*v**2 - 12*v + 12. Let b(s) = 3*d(s) + 8*k(s). What are the prime factors of b(2)?
2, 5
Let c = 46 + -108. Let o = c - -109. What are the prime factors of o?
47
Let p = 98 - 94. What are the prime factors of p?
2
Suppose -10 = -w - 1. Let i = w - -24. What are the prime factors of i?
3, 11
Let d(f) = f**3 - f - 3 + 5*f + 0*f + 7*f**2. Suppose 9*u = 5*u - 24. List the prime factors of d(u).
3
Let j(h) = h**3 + 9*h**2 + 6*h - 10. Let b be (0 + -3 - -9) + 2. Let y = -16 + b. List the prime factors of j(y).
2, 3
Let j be (-7)/5 - (-2)/5. Let c be 2/6*(j - -40). List the prime factors of 2*c/2 - 2.
11
Let t = -27 + 18. Let k be ((-8)/12)/(2/t). Suppose -3*o = -4*u - 65, -2*u - 70 = -3*o + k*u. List the prime factors of o.
3, 5
Let m(j) = j**3 - 2*j**2 - 7*j + 5. Let x = -14 - -19. List the prime factors of m(x).
3, 5
Let r(d) = d**3 - 9*d**2 - 9*d + 2. Let t be r(10). List the prime factors of (-4 + 1)*(-28)/t.
7
Let o(i) = 14*i**2 + 2*i + 1. List the prime factors of o(2).
61
Suppose c - 26 - 2 = -r, 0 = -c - 5*r + 24. Let n = 8 - 25. Let w = c + n. List the prime factors of w.
2, 3
Suppose 5*h - 2*h - 123 = 0. Suppose 137 = 2*q + h. What are the prime factors of q?
2, 3
Let a(q) = 4*q**2 + 4*q + 2. Suppose -6*s = -s + x + 10, 4*s = -2*x - 8. What are the prime factors of a(s)?
2, 5
Suppose -w - l = -144, 5*l - 3 + 18 = 0. What are the prime factors of w?
3, 7
Suppose -3*d = -5*p - 196, -242 = -4*d - 4*p + p. Suppose a - 4*h + h - 10 = 0, -5*a + d = -3*h. What are the prime factors of a?
13
Let c(t) = t**3 + t**2 - 2*t - 1. Let x be c(-2). Let o be (-1 + x)*22*-1. Suppose -6*s + 2*s + o = 0. List the prime factors of s.
11
Let h(a) = -2*a**3 - 4*a**2 - 4*a - 5. What are the prime factors of h(-3)?
5
Suppose 2*k + 10 = g, -5*k + 78 = 5*g - k. List the prime factors of g.
2, 7
Suppose 56 = -c + 232. Suppose 5*z - m - c = z, 5*z = -5*m + 220. List the prime factors of z.
2, 11
Let w(k) = 11*k - 12. Suppose 0 = 5*p + 4 - 34. What are the prime factors of w(p)?
2, 3
Let i be (-6)/(-4)*(-1 + 11). Suppose -4*d - f = -12, 0 = -d + f - 5*f - 12. Let l = i + d. What are the prime factors of l?
19
Suppose 0 = 2*c + 3*u - 4 + 1, -2*u = -2*c + 8. List the prime factors of 3 + -6 + c - -10.
2, 5
Suppose 3*x - 8 = -0*m + 2*m, -4*m + 3*x = 10. Let v(o) = -13*o - 1. Let r be v(m). Suppose -s + 12 = -4*f, s + 2*f + r = 2*s. List the prime factors of s.
2, 3
Let x = -48 - -32. Let u = 1 - x. Suppose -4*f = -u - 27. What are the prime factors of f?
11
Suppose 5*y = a - 2*a - 8, 2 = -y. Suppose -4 = -o + a*g, 19 = 5*o - 5*g - 26. List the prime factors of o.
2, 7
Let y(w) = w + 35. Let x be y(0). Suppose t + 3*s = 7, 5*t = 2*s - 0*s + x. Suppose n - 4 = t. List the prime factors of n.
11
Let i = 51 + -96. Let q = -25 - i. What are the prime factors of q?
2, 5
Let k = 18 + -29. Let i = -6 - k. Suppose 5*j = i*g + 25, 4*j - 25 = -3*g + 2. What are the prime factors of j?
2, 3
Let u be (26 - 6/(-2))*-1. Let q = -7 - u. Let g = -6 + q. List the prime factors of g.
2
Let i(k) = -k**2 + 7*k - 2. Let g be i(4). Let d be 1/(1 - 0)*g. Suppose -z + d = z. List the prime factors of z.
5
Let c(u) = 25*u - 7. List the prime factors of c(6).
11, 13
Suppose s + 2*h + 3*h - 25 = 0, -3*s + 2*h = -7. Suppose 7*v = s*v + 38. What are the prime factors of v?
19
Let v(x) = -x**2 + 13*x + 14. Let p be v(14). List the prime factors of p - -39 - (-8 - -7).
2, 5
List the prime factors of 455/21 - 1/(-3).
2, 11
Suppose 5*l - 2*l - 54 = 0. Suppose 2*t = 21 + 37. Let s = t - l. What are the prime factors of s?
11
Suppose 0 = f - 2*f - 1. Let d be f/(1/(-2)) - 1. Let x(q) = 11*q**3. List the prime factors of x(d).
11
Suppose 4*s = -4*r, -s - 2*r - 2 = -0*r. What are the prime factors of (-3)/(-2)*s*6?
2, 3
Let p(q) = q**2 + 6*q + 8. Let a be p(-5). Suppose 0 = -3*f - a, 4*f = -2*i + 140 - 46. What are the prime factors of i?
7
Let p(i) be the third derivative of i**7/5040 + i**6/240 - i**5/30 + 2*i**2. Let f(l) be the third derivative of p(l). What are the prime factors of f(0)?
3
List the prime factors of (16/24)/((-196)/198 + 1).
2, 3, 11
Let r = 43 - -84. List the prime factors of r.
127
Let q = -12 + 13. List the prime factors of q + 0 + (1 - -25).
3
Let k = -5 - -4. Let q be 2 + -11 + -2 + k. What are the prime factors of (12/(-8))/(1/q)?
2, 3
Suppose -2*t = -6*t + 24. Suppose 4*l = 122 + t. List the prime factors of l.
2
Let k(h) = -h**2 + 17*h + 20. Let m(q) = q + 10. Let l be m(5). List the prime factors of k(l).
2, 5
Suppose q = -5*s + 15, 0 = s - 4*q - q - 3. Suppose -s*u + 160 = u. Suppose -8*k = -3*k - u. List the prime factors of k.
2
Suppose 0 = g - 5*u - 1, 4 = -2*g - 3*u + 19. List the prime factors of (-404)/(-10) - g/15.
2, 5
Let k(l) = l. Let w be k(2). Let x be (2 + (-34)/4)*w. Let h = -5 - x. List the prime factors of h.
2
Let j(x) = -x**2 - 3*x + 127. List the prime factors of j(0).
127
List the prime factors of ((-8)/14)/(12/(-42)).
2
Suppose 4*h = -12, 0 = -6*o + 3*o - 3*h + 372. Suppose 2*q - 41 = -j, -5*q + o - 23 = 4*j. What are the prime factors of q?
2, 5
Let z = 1 - -3. Suppose z*w = -41 + 9. List the prime factors of (30/w)/(-3)*4.
5
List the prime factors of 4/38 + (-50952)/(-418).
2, 61
Let g(d) be the first derivative of 3*d**2/2 - 2*d - 2. Suppose 0 = -3*h + h + 6. List the prime factors of g(h).
7
Suppose 8 = r - 11. Let b = -8 + r. What are the prime factors of b?
11
Suppose -96 = -4*n - o + 6*o, 0 = 3*o. What are the prime factors of n?
2, 3
Suppose -5*q + 2*l = 5*l - 16, -5*l + 18 = 4*q. Suppose -q*k - 63 = k. Let t = k + 34. What are the prime factors of t?
13
Let l = -5 + 11. Let s(b) = 4*b**2 + l - 3*b**2 + 2*b - 3*b. What are the prime factors of s(0)?
2, 3
Let i = -71 + 49. List the prime factors of (3 - 6) + 5 - i.
2, 3
Suppose -4*l - 3*l + 896 = 0. What are the prime factors of l?
2
Suppose 12*h - 143 - 3229 = 0. What are the prime factors of h?
281
Let o = 22 + 15. Suppose -o + 6 = -l. What are the prime factors of l?
31
Suppose 0 = -4*l + 9*l - 1390. What are the prime factors of l?
2, 139
Let j(t) = 6*t - 2. Let p be j(2). Let b be p/4 - (-2)/(-4). List the prime factors of 3*b/4*2.
3
Let v(n) = n**3 + 17*n**2 + 15*n - 12. Let a be v(-16). Suppose q = -5*o + 232, -a*q - 3 + 11 = 0. List the prime factors of o.
2, 23
Let t be 0/(3*(-4)/6). Suppose n - 26 + 9 = t. List the prime factors of n.
17
Let s be 5 - (3 + -1) - -2. Suppose -2*o - s*y - 14 = 0, 0 = -0*o - 3*o - 3*y - 30. What are the prime factors of ((-9)/(-2))/((-9)/o)?
2, 3
Suppose -337 = 93*d - 94*d. What are the prime factors of d?
337
Let m = -41 + -9. What are the prime factors of -1 + (-1 - 3 - m)?
3, 5
Let k(m) = -m - 8. Let i be k(-4). Let l be 2 - -39 - (2 + i). Suppose 5*b = l - 13. What are the prime factors of b?
2, 3
Suppose 4*r + 5*y = 381, -4*y + 2*y - 6 = 0. List the prime factors of r.
3, 11
Let t(w) = -w + 1. Let r be t(4). Let v(j) = -j**3 - 4*j**2 - 1. Let h be v(r). Let q = h - -22. List the prime factors of q.
2, 3
List the prime factors of 2/((-480)/(-236) - 2).
59
Let d(z) = 20*z**3 - 41*z**2 + 4*z + 13. Let p(h) = -7*h**3 + 14*h**2 - h - 4. Let n(c) = 6*d(c) + 17*p(c). List the prime factors of n(7).
2, 5
Suppose 0*s + s + 10 = 0. Let n be (12/6)/(4/s). What are the prime factors of ((-24)/20)/(1/n)?
2, 3
Let g(k) = -4*k + 0*k + 5 - k. Let x be g(-6). Suppose -5*s + x = -3*w - 25, -w - 48 = -4*s. What are the prime factors of s?
2, 3
Let i = 11 + -14. List the prime factor